(-2). Let i(w) = w**3 + 2*w**2 + 2*w. Give i(m).
-4
Let t(l) = 4*l**2 + 2*l - 5. Let k(r) = 9*r**2 + 3*r - 11. Suppose 0 = -5*v + 9*v - 12. Let j(c) = v*k(c) - 7*t(c). Give j(-6).
-4
Let c be (-3)/2*(-26)/13. Suppose 12 = -o + 5*o. Let t(p) = -p - o + 0*p**2 - 3*p**2 + p**2 + p**3. Give t(c).
3
Let a be 0 + 0 + (-42)/(-6) + -10. Let x(r) = -7*r. Calculate x(a).
21
Let t be (-4)/(4/23)*-1. Let h = 24 - t. Let c(x) = -x + 1. Calculate c(h).
0
Let x = -16 + -1. Let s = -20 - x. Let h(g) = g**2 + 2*g. Determine h(s).
3
Let n(x) = 5*x**2 + 12*x - 3. Let f(b) = -2*b - 7. Let w be f(-7). Let s(k) = 2*k**2 + 6*k - 2. Let g(q) = w*s(q) - 3*n(q). Calculate g(5).
0
Let z(n) be the first derivative of -n**3/3 + 2*n**2 + 4*n - 4. Determine z(4).
4
Let w(b) = -b**3 + b. Suppose 3*n = 4*p + 13, -5*n + p - 1 = -0. Let t(l) = 3*l**3 - 4*l**2 - 7*l - 1. Let i(a) = n*t(a) - 4*w(a). What is i(-2)?
3
Let p(z) = -z**3 - 5*z**2 + 2*z - 1. Let l(r) = r**3 + 4*r**2 + 2*r + 3. Suppose -4 = 4*t + 12. Let s be l(t). Calculate p(s).
-11
Suppose -3*j - 2*i + 5 = 0, -j + i - 2 = -2*i. Let s(h) = -3*h**2 + h - 1. What is s(j)?
-3
Let v(j) = -j**3 + 5*j**2 - j. Let z(b) = b**2 + 2*b - 1. Let w(c) = -2*c + 9. Let o be w(6). Let f be z(o). Suppose 3*m + f*m = 25. Give v(m).
-5
Let c(r) = -r**2 - 4*r + 3. Let a be ((-212)/(-28) + -7)/((-4)/(-14)). Determine c(a).
-9
Let h(i) = -11 + i**2 - 13*i - 15 + 10. Let r be h(14). Let b(p) = -2*p**3 - p**2 + 4*p + 3. What is b(r)?
7
Let d(i) = 4*i - 1. Let u(b) = 5*b - 2. Let q(v) = 4*d(v) - 3*u(v). Give q(-3).
-1
Suppose 0 = 5*b - 3 - 2. Let m = -13 - -15. Let h(r) = -2*r + 3*r - m*r - 5*r. Calculate h(b).
-6
Let m = -4 + 2. Let a(z) = 2*z - 4*z - 3 - 4*z**2 + 4 - 3*z**3. Calculate a(m).
13
Let a(h) = -h**3 - 4*h**2 + 4*h + 1. Let k(l) = -5*l**2 - l + 1. Let p = 15 - 14. Let x be k(p). Calculate a(x).
6
Let a(v) = 1 - 7*v + 3*v + 3*v + 3*v. Determine a(6).
13
Let l(f) = -3 - 3*f - f - 2*f + 3*f**2 + f**3. Suppose -6*s + 3*s + 45 = 0. Let t(x) = x**2 - 14*x - 19. Let d be t(s). Determine l(d).
5
Let q(w) be the second derivative of -w**5/20 - w**4/6 - 2*w**2 + 3*w. Suppose 0 = 2*b + 5*n - 27, -5*b + 2*b + 9 = -3*n. Let l = 3 - b. What is q(l)?
5
Let a(j) = 2*j**2 - 6*j - 6. Let h(y) = -3*y**2 + 7*y + 7. Let m(v) = -5*a(v) - 4*h(v). Calculate m(-2).
6
Let s be (-2)/4 - 75/(-6). Let a(f) = -f - 1. Let v(z) = 14*z + 8. Let p(u) = s*a(u) + v(u). What is p(5)?
6
Let k(u) = u**2 + 5*u + 3. Let f(d) = 1. Let o(j) = 2*f(j) + k(j). Let l be o(-4). Let r(p) = 5*p**3 + 2*p - 1. Calculate r(l).
6
Let v(f) = -3*f**2 + 2 - 4*f - 201*f**3 + 0*f + 202*f**3. Give v(4).
2
Let l(g) = g**3 + 4*g**2 - g - 1. Suppose -4*d = d. Suppose 0 = 2*o + 2*h + 2, d = -0*o - 4*o - 5*h - 6. Let j be (-6)/(o*6/4). Determine l(j).
3
Let r(z) = -2 + 3 - 2*z**2 - 4*z**3 + 4*z**2 - 2. Let t(y) = y**3 + 5*y**2 + 4*y + 1. Let q = 4 - 8. Let c be t(q). Give r(c).
-3
Let u = 0 + 1. Let p(g) = -7*g**2 - 4*g + 6*g**2 - u + g**3 - g**2. Calculate p(3).
-4
Let w(b) = -9*b**2. Let a be -2 - 9/3 - -2. Let h be (-9)/a*3/(-9). Calculate w(h).
-9
Let h(t) be the first derivative of -1/2*t**2 + 5 - 7*t. Calculate h(-5).
-2
Let r(w) be the third derivative of w**5/60 + w**4/3 + w**3/3 - 5*w**2. Determine r(-6).
-10
Let s(x) = -x**2 + 2*x + 2. Let n be s(4). Let z(o) = 4*o + 14 - 2*o - o - 2. Give z(n).
6
Let z be 1/(-4) + 26/8. Suppose -z*p + 5 = 2. Let u(c) = 2*c + 0*c**2 - p - 4*c - 3*c**2. Determine u(-1).
-2
Let p(k) = -k**2 + 6*k - 7. Let s(z) = -z. Let v(d) = -p(d) + 2*s(d). Give v(6).
-5
Let o be (3 + -5)/((-10)/(-25)). Let s(t) = -2*t - 7. Suppose -5*z = -4*f - 41, z + 4*f - 4 = -3*z. Let j(i) = i + 3. Let l(w) = z*j(w) + 3*s(w). Give l(o).
-1
Suppose -16 = 4*u - 8*u, -4*u + 19 = 3*v. Let w(i) be the second derivative of i**5/5 + i**3/6 + 118*i + 1. Determine w(v).
5
Let p(j) = -7*j. Let n be -1 - 7/((-21)/9). Give p(n).
-14
Let p(i) = -i**3 - 5*i**2 + 2. Let v be 12/(-2)*(-9)/(-27). What is p(v)?
-10
Let i(o) = -3 - 2 + 6 + 2*o. Suppose 0 = -4*m - 3*t - 11, 4*m - 5*t = -2*t + 19. Let w be i(m). Let c(a) = -a**3 + a**2 + 3*a + 2. Determine c(w).
-7
Let r(m) = -3*m + 7. Let k be r(6). Let s = 15 + k. Let t(j) = 5*j**2 - s*j**2 - 3*j - 2*j + 0*j**2. Determine t(3).
-6
Let c(r) be the third derivative of r**6/360 - 7*r**4/24 + r**3/2 - r**2. Let m(o) be the first derivative of c(o). What is m(0)?
-7
Let i(m) be the first derivative of -m**2/2 - 13. Determine i(-2).
2
Let f(t) = t**3 - 5*t**2 + 3*t - 3. Let q(b) = b**2 - 3*b + 5. Suppose -2*g - 2*g + 12 = 0. Let s be q(g). What is f(s)?
12
Let v(q) = q**3 + 7*q**2 + 3*q + 8. Suppose -g = -3*l, 5*g + 15 = 5*l - 5. What is v(g)?
26
Let h be (-2 + 1)/(5/(-10)). Let v(d) = 11 - 2*d**h + d**2 - d - 5*d - 19. Give v(-6).
-8
Let y be (80/24)/(2/3). Let s = 8 - y. Let m(q) be the second derivative of q**5/20 - q**4/3 + q**3/3 - q**2/2 + q. Give m(s).
-4
Suppose 4*v - 6 - 10 = 0. Let o(j) = j - 2. Determine o(v).
2
Let k(g) = 3*g - 4. Let n(y) = 11*y - 16. Let p(w) = 9*k(w) - 2*n(w). Let b(i) = -6*i + 5. Let m(u) = -2*b(u) - 3*p(u). What is m(3)?
-7
Suppose -l = -2*w - 3*l - 2, -w + 4 = -4*l. Suppose 2*n - 4*f + 4 = w, -4*f - 4 + 12 = 0. Let j(q) = q**n - 2*q**2 - 2*q + q - 13*q**3 - 1 + 3*q**3. Give j(-1).
9
Let h = 73 - 70. Let z(j) = -j**2 - 4*j + 1. Determine z(h).
-20
Let j(q) be the first derivative of q**4/24 - q**3/3 - q**2 + 1. Let x(t) be the second derivative of j(t). Suppose -b + l = 4*l - 12, 3*b - 3*l = 0. Give x(b).
1
Suppose 0*p - 2*p = 2*u + 24, u - 12 = 5*p. Let b = u - -5. Let n(q) = -4*q. Calculate n(b).
12
Let d(w) = 2*w + 11. Let i(g) = -g - 5. Let c(a) = 6*d(a) + 13*i(a). Calculate c(-5).
6
Let s(u) be the second derivative of 0*u**5 - 1/180*u**6 + 0*u**2 + 1/3*u**3 + 0 + 1/24*u**4 - u. Let i(b) be the second derivative of s(b). Give i(2).
-7
Suppose f + 0 = -j - 2, 4*j = -5*f - 6. Let g(i) = -2*i + 9 - 9 + i**2. Determine g(f).
0
Let n(h) = 2*h - 16*h**2 - 2*h + 13*h**2. Determine n(-1).
-3
Let m(w) = w**3 + 4*w**2 - 5*w + 2. Suppose 2*l + 1 = 3*o, 6*l = l + o - 22. Give m(l).
2
Let q(m) = m. Suppose -72 = -4*n - 0*n. Let d(a) = 24*a. Let k(x) = n*q(x) - d(x). Let s(t) = -t**3 + 7*t**2 - 5*t - 5. Let p be s(6). What is k(p)?
-6
Let c = 5 + -3. Let s be -1 + (0/c - 0). Let j(l) = -l**2 - l + 1. Calculate j(s).
1
Let y(l) be the second derivative of -l**4/12 + 7*l**3/6 - 5*l**2/2 - l. Suppose 3*z - 4 - 71 = 0. Suppose -2*r - 3*r + z = 0. Determine y(r).
5
Suppose f = 3*f + 2. Let y(t) be the first derivative of t**3 - t**2 - t + 1. Calculate y(f).
4
Let p(t) = -2*t**2 - 2*t + 2. Let s(c) = 5*c - 18. Let w be s(4). Give p(w).
-10
Let f(x) be the third derivative of -3*x**5/20 + x**4/24 + 6*x**2. Calculate f(1).
-8
Let t(i) = 20*i + 15*i + 3 - 34*i. Calculate t(-3).
0
Let b(o) = o**3 + 6*o**2 - 4*o. Suppose -4*w = 5 + 7. Let j(t) = 2*t**3 + 6*t**2 - 3*t. Let n(m) = w*b(m) + 2*j(m). Give n(4).
-8
Let x(w) = -w - 2. Let h be x(-3). Let n(r) = 4*r. Calculate n(h).
4
Let t(n) = -5*n - 4. Let r(f) = -9*f - 4 - 5 + 1. Let g be (1 + -3)/(-1 - (-18)/12). Let x(z) = g*r(z) + 7*t(z). Determine x(-3).
1
Let h(v) be the third derivative of v**8/20160 + v**7/1680 - v**6/720 - v**5/60 + 3*v**2. Let c(l) be the third derivative of h(l). What is c(-3)?
-1
Let j be 1/(-1) + (10 - 7). Let g(i) = -i**3 + i**2 + 3*i - 2. What is g(j)?
0
Let k(t) = t**2 - 7*t + 3. Let r be k(7). Let w(u) = 3*u + 3*u**2 - 3 + u**3 + r. Let l = -20 - -17. Calculate w(l).
-9
Let t(z) = z - 1. Suppose -j = -5*o + 21, -2*j = 2*o - 0*o - 18. Determine t(o).
4
Let o = 8 - 4. Let a(b) = b**3 - 4*b**2 - 3*b + 4. Calculate a(o).
-8
Let r be (36/16)/((-6)/(-16)). Suppose 0*o = 2*u - 3*o + r, o = 5*u + 15. Let x = 3 + u. Let i(a) = a - 4. Determine i(x).
-4
Let t(h) be the second derivative of h**7/840 + h**6/180 - h**3/3 + h. Let g(y) be the second derivative of t(y). Let x(q) = -2*q**2. Let u be x(-1). Give g(u).
0
Let b = 14 - 13. Let v(c) = c + b + c - c - 4*c. Suppose -3*n + 14 = -w, 15 = n + 2*n. Give v(w).
-2
Let y(u) = -u**2 - 5*u + 1. Suppose -5*r = -2 + 22. What is y(r)?
5
Let l(i) = -4*i + 4. Let v = -101 + 104. Give l(v).
-8
Let n(b) = 2*b**2. Suppose 4*m = -20, 3*d = -0*d - m - 8. Calculate n(d).
2
Let f(j) = 0*j**2 - j**3 - 79*j + 4 + 74*j - 7*j**2. Determi